 digit of h?
3
Let m be (-5)/15*-1*3. What is the units digit of (63/18)/(m/6)?
1
Let d be 0/2*(-1 + 0). Suppose 36 = 4*j + z, d*j - 40 = -3*j - 4*z. What is the units digit of j?
8
Let u(n) = -n + 664. Let g be u(0). What is the units digit of g/72 - 4/18?
9
Suppose -5 = 5*o - 60. Let j(r) = r**3 + 16*r**2 - r - 18. Let h be j(-16). What is the tens digit of o*(h - (-5 - -2))?
1
Suppose -5*v + 400 = 5*h, 0 = 2*h - 8*v + 5*v - 170. What is the units digit of h?
2
Let t(c) = 19*c + 44. What is the tens digit of t(10)?
3
Suppose b - 2 = 5*l - 34, -2*b - 10 = -l. Suppose 26 = l*r - 4*r. What is the tens digit of r?
1
Suppose r - 150 = -2*r. What is the tens digit of r?
5
Suppose -17 = -5*c - 2*t, -4*c - 4 = -3*t - 13. What is the tens digit of 42 - (1 - -2 - c)?
4
What is the tens digit of (-3 + 13)*624/30?
0
Suppose 4*z - 395 = -z. What is the tens digit of z?
7
Let s = 98 - 68. What is the tens digit of s?
3
What is the units digit of (1/(-1) - 3) + 103?
9
Let a(p) = -1 - 4*p**3 + 2 + 4*p**2 + 5*p**3 + 4*p**2. What is the units digit of a(-8)?
1
Suppose 0 = -4*n - z - 113, -n - 2*z = -6*z + 41. What is the tens digit of -1 - -1 - (10 + n)?
1
What is the units digit of (0 + 1)*1368/24?
7
Let x(k) = 10*k - 3. What is the tens digit of x(5)?
4
Let r(p) = p**2 + 10*p - 15. What is the units digit of r(-13)?
4
Suppose 45 = -0*a - 3*a. Let y be (a/10)/(1/(-4)). Suppose -3 = 3*w - y. What is the units digit of w?
1
What is the units digit of 22 + (-9)/(-3) + -3?
2
Suppose -5*b + 10 = -40. Suppose -d + b + 7 = 0. What is the units digit of d?
7
Let b be 3 - (1 - (-2 - -4)). Suppose b*m - 10 = 18. Suppose -l + 0*l + m = 0. What is the units digit of l?
7
Suppose 0*s - 9 = -2*s + c, s = 3*c - 8. Suppose -5*q - 2 = -s. Let x(w) = 10*w**3 - w. What is the units digit of x(q)?
9
Suppose -3*n = -6, 0*n = -2*z + 2*n + 160. What is the units digit of z?
2
Let l = -225 + 433. What is the hundreds digit of l?
2
Let b = -158 + 275. What is the tens digit of b?
1
Let j(b) be the third derivative of b**4/8 - b**3/2 - 2*b**2. Let a be j(6). What is the tens digit of (6/a)/((-1)/(-25))?
1
Let k = -86 - -15. Let h = 46 + k. Let n = -17 - h. What is the units digit of n?
8
Let w(t) = -7*t + t**2 - 2 + 2*t - 5. What is the units digit of w(7)?
7
Suppose -5*o = 5*a - 210, 3*o + 2*a - 3*a - 110 = 0. Let x = 74 - o. What is the tens digit of x?
3
What is the tens digit of (-19638)/(-117) + 4/26?
6
Let s(j) = j**2 + 7*j - 14. Let y be s(-13). Suppose 5*k - 31 - y = -5*a, -4*a + 57 = 3*k. What is the tens digit of k?
1
Suppose 3*p + 4*r - 41 = 23, 17 = p - 3*r. What is the tens digit of p?
2
Let w = 418 - 175. What is the tens digit of w?
4
Let v = 2 - 3. Let i = 5 + v. What is the units digit of i?
4
Suppose -48 = -3*c + 30. Suppose q = 4*y - 2, 5*q - y + c = 111. Let b = q + -9. What is the units digit of b?
9
Suppose -k = 3*s - 2*k - 547, 2*s + 4*k = 388. What is the hundreds digit of s?
1
What is the tens digit of (-16)/(-80) - (-169)/5?
3
Let k = -16 + 7. Let h be (k - 31)*(-4)/10. Let i = h + -5. What is the tens digit of i?
1
Suppose 2*f - 6*f = 2*z + 8, 0 = 5*f - 2*z + 1. Let v(g) = -1 + 4 - 2*g - 2. What is the units digit of v(f)?
3
Let i(x) = x**3 + 5. Let u(a) = a**2 + 4*a + 1. Let f be u(-3). Let n = 2 + f. What is the units digit of i(n)?
5
Suppose -2*m + 181 + 59 = 0. Suppose -2*r - m = -6*r. What is the tens digit of r?
3
Suppose -3 = -5*j + 12. Suppose -j*b + 18 = -4*d, 2*b - 21 = -5*d + 14. What is the tens digit of b?
1
Let u be (15/6)/(2/4). Suppose 2*j - 6 = 0, u*b = 4*b - 3*j + 16. What is the units digit of b?
7
Let o(a) be the third derivative of -a**4/4 - a**3/2 - a**2. What is the units digit of o(-2)?
9
Suppose u = -19 + 77. Let i = 103 - u. What is the units digit of i?
5
Let g be ((-16)/(-6))/((-2)/(-3)). Let i(r) = r**3 - 3*r**2 - 5*r + 5. Let w(d) = -d + 1. Let a(h) = i(h) - 4*w(h). What is the units digit of a(g)?
3
Let r(a) = -a**3 - 2*a**2 - a - 1. Let t be r(-4). What is the units digit of (14/t)/(2/50)?
0
Suppose -5*j = -21 - 49. Suppose 3*h + o - j = 0, -3*h + 8 = -2*o - 0*o. What is the units digit of h?
4
Let h = -55 + 91. What is the tens digit of h?
3
Suppose 57 = 4*x + o, 5*x - 54 = -4*o + 9. What is the tens digit of x?
1
Suppose 0 = 3*u + 5 - 35. Let q be (-2 + 18/8)*20. Suppose -u - 15 = -q*o. What is the units digit of o?
5
Let d(o) = 5*o**2 + 13*o + 38. What is the tens digit of d(-8)?
5
Suppose 6*t = 2*t - 2*r + 6, -5*t + 9 = 3*r. Let j = 2 - t. Let d = j - 0. What is the units digit of d?
2
Let h be (-2 - 0) + 0 + 22. Suppose 4*m + 4 = h. Suppose 2 - 6 = -m*j. What is the units digit of j?
1
Let v(u) = 3*u - 1. Let w be v(-1). Let f = w + 12. What is the units digit of f?
8
Let s = 7 - 5. Suppose -4*x - 40 = 4*p - 0*p, s*x - 3*p + 5 = 0. Let j(z) = z**3 + 7*z**2 - 2*z - 10. What is the units digit of j(x)?
4
Let q = -5 + 2. Let s = 11 + q. Suppose -s*g + 5*g = -24. What is the units digit of g?
8
What is the hundreds digit of 1*5 + (295 - 24)?
2
Suppose 13 = -a + p, 2*a = -3*p + 4*p - 21. Let k be (-107)/(-4) + (-2)/a. Suppose -2*j = j - k. What is the units digit of j?
9
Suppose 0 = 5*t + 5*c - 275, 0*c - 5*c - 55 = -t. What is the tens digit of t?
5
Suppose -3*t + 35 = 2*i, 0 = -t + 2*i - 3*i + 13. What is the units digit of t?
9
Suppose 2*v = 8, 4*v = 4*j - v. Suppose 0 = j*b - b - 56. What is the tens digit of b?
1
Let c(a) = a. Suppose -5*o = 2*r + 1, r = -3*r + 5*o - 47. Let v be ((-2)/r)/((-1)/(-4)). What is the units digit of c(v)?
1
Let m(w) = -w**2 + 7*w - 4. Let v be m(6). Suppose 2*y + 2*g = -4, -2*y = -v*g - 10 + 2. What is the units digit of y?
1
Suppose 0 = -6*b + 5*b + 12. What is the tens digit of b?
1
What is the units digit of (45/(-6))/(-3)*2?
5
Suppose -3*d - 4*a = 22, 0*d = 5*d + 2*a + 32. Let c = 36 - 19. Let v = c + d. What is the units digit of v?
1
Let o be ((-6)/8)/((-3)/36). Suppose 3*c = 4*x + 43, c - o = 3*x + x. Suppose s = -3*s - 12, -4*b - s + c = 0. What is the units digit of b?
5
What is the units digit of -1*((-3)/(-18) + (-237)/18)?
3
Suppose 84 = 5*i - 846. What is the units digit of i?
6
Let p(f) = -f**3 + 12*f**2 + f + 25. What is the units digit of p(10)?
5
Let s = -97 - -163. What is the tens digit of s?
6
What is the units digit of 19 + 28 - 1*-1?
8
Let t(k) = -k**3 + 6*k**2 - 6*k + 7. Let d(g) = -g**2 + 5*g + 1. Let l be d(4). What is the units digit of t(l)?
2
Let k be 44/12 - 2/(-6). Suppose -k*z = -z. Suppose z = -3*n + 5*r + 25, n - 27 + 12 = 5*r. What is the units digit of n?
5
Let r be -3*(-1)/(4 - 3). Let k = 10 - r. What is the units digit of k?
7
Let b(i) = -3*i - 20. Let w be b(-8). Suppose -108 + 40 = -w*m. What is the units digit of m?
7
Let h be 2*(15/(-2))/(-5). What is the units digit of 9/(-9) - (0 - h)?
2
Let m be (2/(-3))/((-2)/15). Suppose 0 = m*k - 15, 3*d - k + 4*k = 0. What is the units digit of (4/(-2) - d) + 6?
7
Let g be (-1 - -3)/((-6)/(-15)). Let b = g - 1. What is the units digit of b?
4
Suppose -910 = -13*t + 8*t. What is the tens digit of t?
8
Suppose 2*l = 2, -4*d + 1046 = l - 31. What is the units digit of d?
9
Suppose -3*f - 90 = -5*f. Let n be f/12 - (-1)/4. Let d = 6 + n. What is the tens digit of d?
1
Let x(o) = -o**2 + 4*o + 18. What is the units digit of x(0)?
8
Let f be (12/(-8))/(1/10). Let s = -6 - f. What is the units digit of s?
9
What is the tens digit of 110/30 + 2/(-3) + 109?
1
Let s = -4 + 8. Suppose -8 = -2*m, 2*o = -3*o + s*m + 159. What is the units digit of o?
5
Suppose -3*c + 3*p + 10 = -p, -4*p - 24 = 4*c. Let g be 9 - (0 + c + 1). Let v = g - -1. What is the units digit of v?
1
Suppose -3*x = x. Suppose i + 0*i + 3 = x. Let w = 7 + i. What is the units digit of w?
4
Let z(s) = -s**2 - 7*s - 5. Suppose -3 + 0 = n - c, 5*n + 5*c = -5. Let v be n*3/12*12. What is the units digit of z(v)?
1
Suppose 0 = -3*d - 2*y + 160, 0*d = 3*d - 2*y - 152. What is the tens digit of d?
5
Let r = -1 - -1. Suppose w = -4*d + 20, -w = 2*d - 0*w - 12. Suppose d*i = -r*i + 8. What is the units digit of i?
2
Let g(y) = 28*y - 56. What is the hundreds digit of g(7)?
1
Let w = 242 + -117. What is the hundreds digit of w?
1
Suppose a - 6*a = -20. Let s be (12/(-2))/2 + 7. Suppose 0 = s*r + 16, a = -2*v - 3*r - 2*r. What is the units digit of v?
8
Suppos